{"id":3167,"date":"2026-03-29T22:00:43","date_gmt":"2026-03-29T20:00:43","guid":{"rendered":"https:\/\/margo.dfirma.pl\/index.php\/produkt\/margoo-smycz-klasyczna-150cm-10mm\/"},"modified":"2026-03-29T22:05:07","modified_gmt":"2026-03-29T20:05:07","slug":"margoo-smycz-klasyczna-150cm-10mm","status":"publish","type":"product","link":"https:\/\/margo.dfirma.pl\/index.php\/produkt\/margoo-smycz-klasyczna-150cm-10mm\/","title":{"rendered":"Margoo Smycz klasyczna 150cm\/10mm"},"content":{"rendered":"<p>Margoo Smycz klasyczna 150cm\/10mm<\/p>\n","protected":false},"excerpt":{"rendered":"<p>Smycz klasyczna firmy Margoo przeznaczona dla kot\u00f3w, szczeniat oraz doros\u0142ych ps\u00f3w ras miniaturowych.<\/p>\n","protected":false},"featured_media":0,"comment_status":"open","ping_status":"closed","template":"","meta":[],"product_brand":[],"product_cat":[123],"product_tag":[],"class_list":{"0":"post-3167","1":"product","2":"type-product","3":"status-publish","5":"product_cat-psy-smycze-klasyczne-koty-smycze","7":"first","8":"instock","9":"shipping-taxable","10":"purchasable","11":"product-type-simple"},"_links":{"self":[{"href":"https:\/\/margo.dfirma.pl\/index.php\/wp-json\/wp\/v2\/product\/3167","targetHints":{"allow":["GET"]}}],"collection":[{"href":"https:\/\/margo.dfirma.pl\/index.php\/wp-json\/wp\/v2\/product"}],"about":[{"href":"https:\/\/margo.dfirma.pl\/index.php\/wp-json\/wp\/v2\/types\/product"}],"replies":[{"embeddable":true,"href":"https:\/\/margo.dfirma.pl\/index.php\/wp-json\/wp\/v2\/comments?post=3167"}],"version-history":[{"count":1,"href":"https:\/\/margo.dfirma.pl\/index.php\/wp-json\/wp\/v2\/product\/3167\/revisions"}],"predecessor-version":[{"id":3187,"href":"https:\/\/margo.dfirma.pl\/index.php\/wp-json\/wp\/v2\/product\/3167\/revisions\/3187"}],"wp:attachment":[{"href":"https:\/\/margo.dfirma.pl\/index.php\/wp-json\/wp\/v2\/media?parent=3167"}],"wp:term":[{"taxonomy":"product_brand","embeddable":true,"href":"https:\/\/margo.dfirma.pl\/index.php\/wp-json\/wp\/v2\/product_brand?post=3167"},{"taxonomy":"product_cat","embeddable":true,"href":"https:\/\/margo.dfirma.pl\/index.php\/wp-json\/wp\/v2\/product_cat?post=3167"},{"taxonomy":"product_tag","embeddable":true,"href":"https:\/\/margo.dfirma.pl\/index.php\/wp-json\/wp\/v2\/product_tag?post=3167"}],"curies":[{"name":"wp","href":"https:\/\/api.w.org\/{rel}","templated":true}]}}